 3. Let f = -1 - 2. Let t be d(f). Let b(k) = k - 3. Let u be b(14). Calculate the highest common factor of t and u.
11
Let t be (-172)/6 + (-4)/12. Let v = 56 + t. What is the highest common factor of 18 and v?
9
Let j = 14 - -118. Calculate the highest common factor of j and 22.
22
Let v = 1 + 2. Suppose -119 + 34 = -3*b + 4*d, 138 = 5*b - v*d. Let k(n) = n**3 - 5*n**2 - 3*n. Let h be k(6). Calculate the greatest common factor of h and b.
9
Suppose 3*c - 2110 = -2*c. Suppose 34 = j + 2*w - 64, 0 = -4*j - 2*w + c. What is the highest common divisor of 18 and j?
18
Let n be (-1)/((-1)/4) - 0. Suppose 12 = n*v - 0*v. Suppose 0 = 5*z + 4*y - 58, 2*y = y - v. What is the greatest common divisor of z and 2?
2
Let j(n) = -2 - n + 1 + 13. Let f be j(6). Let b be 6*6/(-4)*-2. Calculate the greatest common divisor of b and f.
6
Suppose 0 = -f - 0 + 14. Let k be (-2)/2 + 4 + 0. Suppose 0 = -c + 6*c - 5, 0 = 3*p - k*c - 3. Calculate the highest common factor of f and p.
2
Let d be 7*1*(2 + 6). Calculate the highest common factor of d and 14.
14
Let f = -26 - -26. Suppose y - 35 = -f*y. Calculate the greatest common factor of y and 5.
5
Suppose r + 0 - 13 = 0. What is the greatest common factor of 143 and r?
13
Let y = 23 - 39. Let h be (16/3)/(4/30). Let q = h + y. What is the highest common factor of q and 3?
3
Let y be (-3 - -2)*-4*4. Suppose 0 = -4*s - 4 + y. Suppose 99 = 5*i - 3*q, 4*i + s*q - 33 = 57. Calculate the greatest common divisor of i and 147.
21
Suppose -2*j - 7*r + 23 = -10*r, -5*j + 53 = -3*r. What is the highest common factor of 55 and j?
5
Let f be 3/(-9)*(0 + -3). Let s = 2 + 0. Let n be (s + 0)*14/4. Calculate the highest common factor of n and f.
1
Suppose -4*a = 1 - 21. Let c = a - -6. Let r(q) = -23*q**3 - 1. Let n be r(-1). What is the greatest common divisor of n and c?
11
Let a(k) = -28 - 8*k**2 + 39 - 4*k + 2*k - k**3. Let u be a(-8). What is the greatest common factor of u and 9?
9
Let o = 13 + 6. Calculate the greatest common divisor of o and 19.
19
Let d be (-1)/(-3*(-5)/(-75)). What is the greatest common divisor of 1 and d?
1
Suppose -8*m + 208 = 8. Calculate the greatest common factor of m and 5.
5
Suppose 5*u + 63 = 4*c, -c = 3*u - 16 - 21. Let v be (-14)/(-21) + c/3. Let m(n) = n**2 - n + 1. Let a be m(0). Calculate the highest common factor of a and v.
1
Let q be (-8)/2 + (-6)/(-1). Calculate the greatest common divisor of 10 and q.
2
Suppose -2*g + 5*g = 6. Let l be (-1 + (2 - g))*-1. Let a be -2 - -4 - (-6 + 0). What is the highest common divisor of l and a?
1
Suppose -3*l + 48 = l. Suppose -l - 13 = -5*i. Suppose 0 = -3*h + 31 + i. What is the highest common divisor of h and 48?
12
Suppose -44 = -4*a + 4*g, 16 + 28 = 4*a + 2*g. Let t(i) = 70*i - 4. Let p be t(1). Calculate the highest common factor of a and p.
11
Suppose -2*s + 55 = 5*o, 9 = -o - 4*s + 38. Calculate the greatest common divisor of o and 9.
9
Let r be (15/(-6) - -2)*-10. What is the greatest common divisor of r and 45?
5
Suppose -4*y + 7 + 5 = 0. Suppose 2*f + 0 + 9 = -3*t, 0 = 3*f + 2*t + 1. Calculate the greatest common factor of f and y.
3
Suppose -22 = -2*q - 2. Calculate the greatest common divisor of 110 and q.
10
Let v(o) = o**3 - 8*o**2 + o - 5. Let j be v(8). Suppose -j*x + 49 = -59. What is the greatest common divisor of 12 and x?
12
Let r(l) = -l**2 + l + 1. Let b be r(-3). Let h = b + 17. Let j = 106 - 76. Calculate the highest common divisor of j and h.
6
Suppose 3*j + 4 = -4*x - 1, -7 = j + 4*x. Let g = 26 + -38. Let c be j/4 + (-1197)/g. Calculate the greatest common divisor of c and 20.
20
Suppose 10*c - 3*v = 14*c - 417, 3*c - v = 329. What is the greatest common factor of c and 36?
36
Let c be 14/(-10) + 2/5. Let z = -4 + 3. Let a be z/c + (-1 - -3). What is the highest common factor of 33 and a?
3
Let t = -14 - -9. Let k(a) = -a + 1. Let u be k(t). What is the greatest common divisor of 42 and u?
6
Let v = 13 + 29. Calculate the highest common factor of v and 28.
14
Let g = -53 + 83. Let p = -19 + 39. Calculate the greatest common divisor of p and g.
10
Let s(f) = f**2 - 5*f - 5. Let p be s(6). Let g(c) = 19*c**2 - c + 1. Let j be g(p). What is the greatest common divisor of 209 and j?
19
Let h be (2/(-1))/(6/(-81)). Calculate the greatest common divisor of h and 9.
9
Let x be -4*(27/(-4))/3. What is the highest common factor of 1 and x?
1
Suppose -3 = -2*c - 5*o + 112, 3*o = -5*c + 259. What is the highest common factor of c and 125?
25
Suppose -n + 4*q = 11, -5*n - 3*q = 16 - 53. Suppose -4 = y, -72 = -2*w + w + n*y. Calculate the greatest common divisor of w and 13.
13
Suppose 2*a + 110 = 3*a. Let l = 370 - 360. What is the greatest common factor of l and a?
10
Suppose -5*j + 0*j = -2*y - 117, 4*y = 5*j - 119. Calculate the highest common factor of 230 and j.
23
Suppose 0 = y + 2 - 65. Calculate the highest common factor of y and 9.
9
Suppose 2*z - 9 = 7. Let u(m) = m**2 + 3*m - 7. Let d be u(-5). Suppose -44 = -5*n - o, 5*o - 2*o = -d*n + 36. Calculate the greatest common divisor of n and z.
8
Let u(p) = -p. Let y be 20*(10/(-4))/5. Let o be u(y). Suppose -12*h = 2*h - 350. What is the highest common factor of o and h?
5
Let f = 1 - -5. Calculate the highest common divisor of 3 and f.
3
Suppose -l + 134 = -2*d, -3*l = -2*d - 2*d - 394. Calculate the highest common factor of 18 and l.
18
Let x(q) = -4*q - 56. Let h be x(-29). Calculate the greatest common divisor of 20 and h.
20
Let f = 3 - -2. Suppose 0 = -f*s + 47 + 33. Suppose 5*t + 0*t + 85 = 2*b, 2*b = -5*t + 75. Calculate the highest common factor of s and b.
8
Let x = 96 + 14. What is the greatest common factor of x and 10?
10
Suppose -32 = 4*u + 240. Let w be u/(-8) + 3/2. What is the greatest common divisor of 110 and w?
10
Suppose -3*y + 0*m + 4*m = 59, -m = 2*y + 21. Let r = y + 14. What is the highest common factor of 3 and r?
1
Let u(w) = -6*w - 2. Let f be u(3). Let c be 1*-1*(5 + f). Let g(r) = 5*r**2 + 3*r - 5. Let i be g(5). What is the highest common divisor of c and i?
15
Let u = 8 + -5. Let z(p) = p**2 - 5*p - 6. Let v be z(7). Suppose l - u*l + v = 0. What is the highest common factor of 20 and l?
4
Let i be 2 - 24 - (0 + -2). Let o = -13 - i. Calculate the highest common divisor of o and 49.
7
Let s = 28 + 57. What is the highest common factor of s and 17?
17
Let x = 8 - 3. What is the highest common factor of 5 and x?
5
Suppose -3*j - 30 = -6*j. Let t(r) = -3*r - 4 + 6 + 6 + 3*r**2 - 3*r. Let n be t(6). Calculate the greatest common factor of n and j.
10
Let l(f) = f**2 - 4*f - 6. Let x be l(-5). Let d = -27 + x. Calculate the greatest common factor of 12 and d.
12
Suppose 3*w - 22 = 68. Suppose 4*u - 5*j = 64, -u + 4*j = 3*j - 15. Let a = u + -1. What is the highest common divisor of w and a?
10
Suppose 2*w + w = 30. What is the greatest common divisor of 70 and w?
10
Let j = -3 - -6. Suppose f - 23 = -j*r - 7, 4*r = -3*f + 18. Suppose -4*q + 3*u = -2*q - 9, -u = -3. What is the highest common factor of q and r?
3
Let c be ((-5)/(-3) - 3)*-96. Suppose -12 = 3*u, 7*u = 2*v + 2*u + 116. Let o = v + c. What is the highest common divisor of 40 and o?
20
Let f be 2*3 + (-4)/(-2). Suppose 3*j + f = 23. Suppose 47 = j*w - 233. What is the highest common divisor of w and 7?
7
Let z = 7 + -1. What is the greatest common factor of 24 and z?
6
Let y = 20 - 11. Let h = -4 + y. Calculate the highest common factor of 2 and h.
1
Let b be 1/((-1)/(-1)) + 14. Suppose 12 = 10*i - 88. Calculate the highest common divisor of i and b.
5
Let m be 3 + -1 - -4 - -4. What is the highest common divisor of 20 and m?
10
Let z be 3 + (23 + 4 - 4). Calculate the greatest common factor of z and 13.
13
Suppose 5*s - 177 = 4*f, s + 0*f = -f + 30. What is the greatest common factor of s and 165?
33
Suppose s - 30 = -4*s. What is the greatest common factor of 18 and s?
6
Let t(u) = -2*u**2 + 38*u - 1. Let x be t(15). What is the highest common factor of x and 17?
17
Let q = -41 - -63. Let w = q + -6. Let n = 5 + 11. What is the greatest common divisor of w and n?
16
Let w = -18 - -50. What is the greatest common divisor of 96 and w?
32
Let c(y) = -y**2 + 15*y + 5. Let q be c(15). What is the highest common divisor of 15 and q?
5
Let l(b) = -2*b**3 + b**2 - 2*b - 2. Let o be l(-4). Wh